4 = 4*o - 4*u, 3*u - 44 = -6*o + 2*o. Let n = o - 3. What are the prime factors of n?
2
Suppose 2*q + 110 = 2*s, -5*s = -4*q - 61 - 218. What are the prime factors of (4/(-4))/(-1)*s?
59
Let u = 27 + -3. Suppose -u = -g - 5. List the prime factors of g.
19
Let f(z) = z + 1. What are the prime factors of f(8)?
3
Let g(x) = x**2 + x + 1. Let y be g(-2). Let q(h) = -h**3 + 4*h**2 - 2*h. List the prime factors of q(y).
3
Suppose -62 = -6*w + 112. What are the prime factors of w?
29
Let s be 3/(-2) + (-204)/(-8). Suppose d = 5*d - s. What are the prime factors of d?
2, 3
Suppose 0*q - 5 = -5*t - 4*q, 4*q - 2 = -2*t. Let f be 0/(-3 + 1 + t). Suppose -3*r + 1 + 29 = f. List the prime factors of r.
2, 5
Let b(u) be the second derivative of 2*u**3/3 + u**2 + 5*u. List the prime factors of b(5).
2, 11
Let s = -10 - -6. What are the prime factors of 6/(2 + s/3)?
3
List the prime factors of 428/18 - (43/9 + -5).
2, 3
Suppose -4*p = -8*p + 52. What are the prime factors of p?
13
What are the prime factors of 55 + 3 + 3/(-3)?
3, 19
Let i(n) = 7*n**3 - 3*n**2 + 3*n - 3. List the prime factors of i(2).
47
Let o(i) be the second derivative of -i**4/12 - 2*i**3/3 + i**2 - i. Let m(y) be the first derivative of o(y). List the prime factors of m(-8).
2, 3
Suppose -5*a = -5*u - 10, 4*a - a - 24 = -3*u. What are the prime factors of 3/a - 3536/(-65)?
5, 11
Let p = 42 + -3. List the prime factors of p.
3, 13
Let p(r) = r**3 - 3*r**2 - r + 1. Let h be p(-2). Let m = -10 - h. What are the prime factors of m?
7
List the prime factors of (8/(-24))/(2/(-564)).
2, 47
Let g(w) = w**2 + 3*w + 7. Let d be g(-11). What are the prime factors of (-3)/2 - d/(-10)?
2
Suppose -5*d = -d - 24. Suppose 0 = 3*t - d*t + 60. List the prime factors of t.
2, 5
Let v(y) = y**2 + 3*y - 13. What are the prime factors of v(-9)?
41
Suppose p + 2 = -1. What are the prime factors of p/6*2*-16?
2
What are the prime factors of 62/(0/(-3 + 5) + 1)?
2, 31
Suppose -8*i + 657 + 1271 = 0. What are the prime factors of i?
241
Let d(n) = 2*n**3 + n**2 - 15*n + 13. Let f(m) = m**3 - 7*m + 6. Let v(t) = -2*d(t) + 5*f(t). What are the prime factors of v(4)?
2
Let h = 9 - 9. Suppose h = 3*v - v - 44. What are the prime factors of v?
2, 11
Let d = 6 + -5. What are the prime factors of (-12)/(-16)*(d + 11)?
3
Let h(i) = -i**2 - 9*i - 8. Let n be h(-7). Suppose -14 = x - 2*x. Suppose 2*v - x = n. What are the prime factors of v?
2, 5
Suppose -6*s - 16 = -8*s. What are the prime factors of s?
2
Let d(j) = j**2 + j + 7. Let f be d(0). List the prime factors of -4 + f + -1 + 15.
17
Let s be (-1 - 0)/(-1)*-1. Let v(f) = -7*f**3 + f**2 - f - 1. List the prime factors of v(s).
2
Let f(w) = w**3 + w**2 - 2*w + 1. Let l be f(2). Suppose 5*i - r = -l + 34, -2*i - 5*r = -10. List the prime factors of i.
5
What are the prime factors of 4/(-7) - ((-10902)/42 - -6)?
11, 23
Suppose 15 = 3*l - 0*l. Suppose -l*o = -o + 4. List the prime factors of (0 - 1)/(o/13).
13
Suppose u = a - 0*a + 15, 3*a + 5*u + 61 = 0. Let k(g) = g**2 + 14*g - 15. What are the prime factors of k(a)?
2, 3
Let j(m) = m**2 - 8*m - 1. Let q be j(8). List the prime factors of q/(-2) + (-72)/(-16).
5
Let r = 5 + -3. Let n = r - 4. What are the prime factors of (-6)/n - (5 + -4)?
2
Let k be 5/((-5)/(-6)) + -4. List the prime factors of (3/k)/(3/42).
3, 7
Let v(d) = -13*d + 7. Let f(n) = -19*n + 11. Let c(o) = 5*f(o) - 8*v(o). Let w(j) = -j**3 + 2*j**2 - 2*j + 2. Let i be w(1). What are the prime factors of c(i)?
2
Let t = -32 - -81. List the prime factors of t.
7
Suppose 0 = -5*q + 190 - 70. Suppose -30 = 2*b - i - 2*i, 3*i + q = -b. Let y = 32 + b. List the prime factors of y.
2, 7
Suppose -8*q = -12*q. Suppose -u + 10 + 25 = q. List the prime factors of u.
5, 7
Suppose 20 - 98 = -3*h. Let s = h - 12. Suppose 3*t = 2*d - s, 69 = 5*d + t - 0*t. List the prime factors of d.
13
Let y be 33/6 + (-1)/(-2). Suppose o = -2*o + y. Suppose -5*r - o*l + 18 = -5*l, -8 = -2*l. What are the prime factors of r?
2, 3
Suppose 40 = 4*l + l. Suppose 6*z - 3*c = 2*z - l, -2*c = -5*z - 3. Let t(g) = 17*g - 1. List the prime factors of t(z).
2
Let f be 1*(1 - 1 - -1). Suppose -q + 1 = -f. Suppose -g - 8 = -q*g. What are the prime factors of g?
2
Suppose 0 = 5*b - 116 + 36. List the prime factors of b.
2
Suppose -396 = -4*i - 3*p, -4*i + 145 = 4*p - 247. What are the prime factors of i?
2, 3, 17
Suppose n + 0 - 3 = 0. Suppose 0 = 6*k - n*k - 36. What are the prime factors of k?
2, 3
Suppose 0*z - 38 = 5*z + 3*o, 3*z + 3*o + 24 = 0. Let m = 9 + z. What are the prime factors of (m/(-4))/((-1)/44)?
2, 11
Suppose 4*h - 1 = 2*p - 13, 5*p = 10. What are the prime factors of (15/4)/(h/(-8))?
3, 5
Let w(j) = -j - 7. Let b be w(-7). Suppose b*l + 17 = -l. Let f = 32 + l. List the prime factors of f.
3, 5
Suppose -g - p + 142 = -5*p, 219 = 2*g + 5*p. What are the prime factors of g?
2, 61
Let z = -2 + -3. Let o(m) = -11 + 7 + 3*m + 8 + m**2. List the prime factors of o(z).
2, 7
Suppose 4*d + 0*d - 68 = 0. List the prime factors of d.
17
Let i = 42 + -9. What are the prime factors of i?
3, 11
List the prime factors of 17/(-2)*40/(-4).
5, 17
Suppose -2*i = 88 - 274. What are the prime factors of i?
3, 31
Let d be (-4)/(4/(-101)) + -3. What are the prime factors of d/6 + 2/(-6)?
2
Suppose g + 7 = 3*h - 5, 5*h - 34 = -3*g. Let t be 7/((-7)/(-2)) + 1. Suppose -l + 33 = t*c - 3*l, c = -g*l. List the prime factors of c.
3
Let g(q) = -q**2 - 6*q - 5. Let v be g(-5). Let a = 4 + v. List the prime factors of a.
2
Suppose -9*b + 4*b + 15 = 0. What are the prime factors of b?
3
Let w(z) = z**3 + 15*z**2 + 14*z + 17. List the prime factors of w(-14).
17
Let k(f) = -7*f + 4. Let r(s) = s - 1. Let m(q) = -k(q) - 5*r(q). List the prime factors of m(6).
13
Let c(n) = n**2 + 13*n + 15. Suppose -5*d + 4 - 64 = 0. Let a be c(d). Let v(b) = b**3 - b**2 + 2. List the prime factors of v(a).
2, 5
Let j = -6 - -1. What are the prime factors of (-2)/(-1 - j/7)?
7
Let n(u) = 5*u**3 - 2*u**2 - 1. Let w be n(2). Let j = -11 + w. List the prime factors of j.
2, 5
Suppose -2*t = 5*l + 3*t - 160, 160 = 5*l - 2*t. Suppose 11*o - 13*o = -l. What are the prime factors of o?
2
Suppose -3*p - 72 + 9 = 0. Let q = -14 - p. What are the prime factors of q?
7
Suppose -m = d - 8, -3*d - 5*m - 16 = -50. List the prime factors of d.
3
Let f(i) = -i**2 - 2*i + 1. Suppose -3*h + 6 + 6 = 4*n, -h - 12 = -4*n. Let z be f(n). What are the prime factors of 2 - z*(-3)/(-3)?
2
Suppose -3*w = 7*t - 3*t + 19, -5*w - 1 = -t. Let k be (-4*(-2)/4 + -1)*-3. What are the prime factors of (k - 1)*9/t?
3
Let t(i) = -i**3 - 11*i**2 + 11*i - 8. Let m be t(-12). Suppose 5*y + k = -3*k + 65, -13 = -y - m*k. List the prime factors of y.
13
Suppose 2*b = -5*p + 414, 3*b - 5*b - p = -430. What are the prime factors of b?
7, 31
Let i(t) = 5*t**2 + t + 10. List the prime factors of i(4).
2, 47
Let h(p) = -2*p**3 + p - 1. Suppose -4*s - o = -3, 6*s - 12 = s - 4*o. Suppose 2*a - 2*q = -6*q + 12, s = -3*a - 2*q + 2. List the prime factors of h(a).
13
Suppose -4*d + 4*r + 44 = d, r - 39 = -5*d. Suppose -d*f = -3*f - 25. Suppose -f*a - h + 28 = 0, -4*a + h + h + 14 = 0. List the prime factors of a.
5
Suppose -99 = -2*k + 25. Suppose 4*n = 3*x - 66, k = 4*x + 2*n - 48. Suppose b + b - x = 0. List the prime factors of b.
13
Suppose -212 - 52 = -3*r. What are the prime factors of r?
2, 11
Suppose 11 = k - 2*k - 3*q, 0 = 5*q + 15. Let r(p) = -p**3 - p**2 - 2*p - 2. Let l be r(k). Suppose -l*c + 3*c = -18. What are the prime factors of c?
2, 3
Suppose 680 = 11*u - u. What are the prime factors of u?
2, 17
What are the prime factors of 12/((-3)/(-1)) - (-70 - -4)?
2, 5, 7
Let s = 94 + -62. Let h = s + -21. What are the prime factors of h?
11
Let v(m) = -7*m + 7. Let p be v(2). List the prime factors of (-2)/p - (-1320)/35.
2, 19
Suppose 2*w - 2*j = -j + 120, -w = 4*j - 42. List the prime factors of w.
2, 29
Let h = -4 + 8. Let j be -2*-6*1/h. Suppose j*f - 29 = 4. List the prime factors of f.
11
Suppose 4*k - 27 = k. List the prime factors of (-26 - 1)*(-3)/k.
3
Let h(f) = -4*f - 3. Let v be h(-2). Suppose -36 = -v*j - 6. Let a = j - 2. List the prime factors of a.
2
Let g(x) = 3*x**2 - 1. Let k(u) = -3*u**3. Let l be k(1). Let v(d) = d**2 + 2*d - 4. Let j be v(l)